alculate the highest common divisor of 117 and 949.
13
Calculate the highest common divisor of 28 and 98.
14
Calculate the greatest common divisor of 14 and 665.
7
What is the greatest common factor of 21 and 267?
3
Calculate the highest common factor of 82 and 1025.
41
What is the greatest common divisor of 19 and 171?
19
What is the highest common divisor of 2844 and 36?
36
Calculate the highest common factor of 2958 and 714.
102
Calculate the highest common divisor of 816 and 12.
12
Calculate the highest common factor of 396 and 44.
44
Calculate the greatest common factor of 75 and 6.
3
What is the greatest common factor of 99 and 396?
99
What is the highest common factor of 9 and 36?
9
Calculate the highest common divisor of 69 and 529.
23
Calculate the highest common factor of 868 and 2666.
62
Calculate the greatest common divisor of 2116 and 92.
92
What is the highest common divisor of 129 and 559?
43
What is the greatest common factor of 1073 and 435?
29
Calculate the greatest common divisor of 17 and 1513.
17
Calculate the greatest common divisor of 8 and 128.
8
Calculate the greatest common divisor of 970 and 10.
10
Calculate the highest common divisor of 92 and 2438.
46
What is the greatest common factor of 36 and 7284?
12
Calculate the greatest common factor of 144 and 80.
16
Calculate the greatest common factor of 600 and 30.
30
What is the highest common divisor of 70 and 245?
35
What is the highest common factor of 140 and 175?
35
Calculate the greatest common divisor of 154 and 44.
22
Calculate the greatest common divisor of 28756 and 26.
26
What is the greatest common factor of 2167 and 22?
11
What is the greatest common divisor of 17 and 3077?
17
What is the highest common factor of 111 and 74?
37
What is the greatest common factor of 3753 and 27?
27
What is the highest common factor of 267 and 6?
3
Calculate the highest common divisor of 195 and 4407.
39
Calculate the highest common divisor of 6 and 3966.
6
Calculate the greatest common divisor of 972 and 78.
6
Calculate the greatest common factor of 87 and 4611.
87
What is the greatest common divisor of 42 and 14?
14
What is the greatest common divisor of 396 and 72?
36
What is the greatest common divisor of 7958 and 46?
46
Calculate the highest common divisor of 456 and 532.
76
What is the highest common factor of 23 and 11?
1
What is the greatest common factor of 48 and 6?
6
Calculate the highest common factor of 6 and 2.
2
Calculate the highest common divisor of 676 and 260.
52
Calculate the highest common divisor of 925 and 37.
37
Calculate the greatest common divisor of 1314 and 1241.
73
What is the greatest common divisor of 4332 and 132?
12
What is the highest common factor of 3632 and 1589?
227
Calculate the greatest common divisor of 246 and 1107.
123
What is the greatest common divisor of 2457 and 91?
91
Calculate the highest common factor of 247 and 52.
13
What is the highest common divisor of 8208 and 144?
144
What is the highest common divisor of 63 and 931?
7
Calculate the highest common factor of 14 and 14.
14
What is the greatest common factor of 90 and 3?
3
Calculate the greatest common factor of 7470 and 1826.
166
Calculate the greatest common factor of 32 and 5296.
16
Calculate the greatest common divisor of 88 and 2216.
8
Calculate the greatest common factor of 1512 and 522.
18
What is the greatest common divisor of 1112 and 8?
8
Calculate the greatest common divisor of 16 and 1000.
8
What is the highest common factor of 230 and 138?
46
Calculate the highest common divisor of 13 and 3523.
13
Calculate the highest common divisor of 94 and 34.
2
What is the highest common divisor of 34 and 221?
17
What is the highest common factor of 171 and 456?
57
Calculate the greatest common divisor of 414 and 18.
18
What is the greatest common factor of 1067 and 22?
11
Calculate the highest common factor of 248 and 24.
8
Calculate the highest common divisor of 78 and 2067.
39
Calculate the greatest common divisor of 288 and 296.
8
What is the greatest common divisor of 1632 and 561?
51
What is the highest common divisor of 9730 and 417?
139
What is the highest common factor of 13875 and 625?
125
Calculate the greatest common factor of 44 and 64.
4
Calculate the greatest common divisor of 388 and 4.
4
What is the highest common factor of 225 and 315?
45
What is the greatest common factor of 2227 and 131?
131
What is the greatest common factor of 1228 and 5219?
307
What is the highest common factor of 21 and 18?
3
Calculate the highest common divisor of 2667 and 21.
21
Calculate the greatest common factor of 3 and 131.
1
What is the highest common divisor of 2 and 466?
2
Calculate the highest common factor of 4035 and 15.
15
Calculate the greatest common divisor of 513 and 18.
9
Calculate the highest common factor of 3834 and 432.
54
Calculate the highest common factor of 981 and 3.
3
What is the highest common divisor of 24 and 552?
24
What is the greatest common factor of 3 and 2238?
3
What is the highest common divisor of 21 and 69279?
21
What is the greatest common factor of 66432 and 96?
96
Calculate the highest common divisor of 35832 and 72.
24
What is the highest common factor of 19 and 361?
19
Calculate the highest common factor of 444 and 84.
12
What is the greatest common factor of 22 and 21362?
22
What is the greatest common factor of 39 and 6721?
13
Calculate the highest common factor of 7 and 9597.
7
Calculate the greatest common factor of 208 and 234.
26
What is the greatest common divisor of 8284 and 171?
19
Calculate the highest common divisor of 60947 and 59.
59
Calculate the highest common divisor of 273 and 728.
91
What is the greatest common factor of 8 and 8?
8
Calculate the greatest common divisor of 171 and 1311.
57
What is the greatest common factor of 51 and 1258?
17
What is the greatest common divisor of 226 and 8249?
113
Calculate the greatest common divisor of 925 and 25.
25
Calculate the highest common factor of 432 and 198.
18
What is the greatest common divisor of 46 and 18814?
46
What is the highest common factor of 11 and 55?
11
Calculate the highest common divisor of 94 and 16262.
94
What is the greatest common divisor of 8 and 264?
8
What is the greatest common divisor of 74 and 41218?
74
What is the highest common factor of 74 and 3811?
37
Calculate the greatest common factor of 288 and 90.
18
What is the highest common divisor of 304 and 95?
19
Calculate the highest common divisor of 341 and 93.
31
Calculate the greatest common factor of 24 and 972.
12
Calculate the highest common divisor of 377 and 1859.
13
Calculate the highest common factor of 1380 and 2940.
60
Calculate the highest common factor of 989 and 207.
23
What is the greatest common divisor of 24 and 18?
6
Calculate the greatest common factor of 168 and 41916.
84
What is the highest common divisor of 416 and 32?
32
What is the greatest common divisor of 989 and 506?
23
Calculate the highest common factor of 27 and 11313.
27
What is the greatest common divisor of 83 and 1328?
83
What is the highest common divisor of 850 and 25?
25
What is the greatest common divisor of 1391 and 26?
13
What is the highest common divisor of 36 and 348?
12
What is the greatest common factor of 158 and 2?
2
What is the greatest common divisor of 234 and 1248?
78
What is the greatest common divisor of 229 and 39159?
229
Calculate the greatest common divisor of 320 and 40.
40
Calculate the greatest common divisor of 370 and 170.
10
Calculate the greatest common factor of 88 and 374.
22
Calculate the highest common factor of 2847 and 312.
39
What is the highest common divisor of 51 and 45934?
17
Calculate the highest common divisor of 988 and 133.
19
What is the highest common factor of 104 and 32?
8
Calculate the greatest common factor of 1146 and 41638.
382
Calculate the greatest common divisor of 87 and 145.
29
What is the greatest common factor of 732 and 768?
12
What is the greatest common factor of 36 and 1170?
18
Calculate the highest common factor of 3 and 24441.
3
What is the greatest common divisor of 4071 and 23?
23
What is the greatest common factor of 2282 and 378?
14
Calculate the greatest common factor of 4998 and 102.
102
Calculate the highest common factor of 105 and 2625.
